{"id":171,"date":"2024-10-31T20:40:26","date_gmt":"2024-10-31T20:40:26","guid":{"rendered":"https:\/\/www.vseudelame.cz\/?page_id=171"},"modified":"2025-02-14T13:32:45","modified_gmt":"2025-02-14T13:32:45","slug":"kontakt","status":"publish","type":"page","link":"https:\/\/www.vseudelame.cz\/novinky\/ridici-pozor\/kontakt\/","title":{"rendered":"Kontakt"},"content":{"rendered":"\n<section id=\"wp-block-themeisle-blocks-advanced-columns-990a718e\" class=\"wp-block-themeisle-blocks-advanced-columns alignfull has-2-columns has-desktop-equal-layout has-tablet-equal-layout has-mobile-collapsedRows-layout has-vertical-center has-dark-bg\"><div class=\"wp-block-themeisle-blocks-advanced-columns-overlay\"><\/div><div class=\"innerblocks-wrap\">\n<div id=\"wp-block-themeisle-blocks-advanced-column-d2ab60f9\" class=\"wp-block-themeisle-blocks-advanced-column has-dark-bg\">\n<h2 class=\"wp-block-heading has-text-align-left has-text-color\" style=\"color:#ffffff\">Na\u0161e autod\u00edlna<\/h2>\n\n\n\n<div id=\"wp-block-themeisle-blocks-advanced-heading-60814737\" class=\"wp-block-themeisle-blocks-advanced-heading wp-block-themeisle-blocks-advanced-heading-60814737\">ADRESA<\/div>\n\n\n\n<p class=\"has-text-color\" style=\"color:#ffffff\">Kolm\u00e1 500<\/p>\n\n\n\n<p>541 03 TRUTNOV<\/p>\n\n\n\n<p>I\u010cO: 876 79 922<\/p>\n\n\n\n<p class=\"has-white-color has-text-color has-link-color wp-elements-9290ec48d1f29e320cdd5d2649deb56e\"><a href=\"mailto:sydny@post.cz\">sydny@post.cz<\/a><\/p>\n\n\n\n<div id=\"wp-block-themeisle-blocks-advanced-heading-13fcfd84\" class=\"wp-block-themeisle-blocks-advanced-heading wp-block-themeisle-blocks-advanced-heading-13fcfd84\">TELEFON:<\/div>\n\n\n\n<p class=\"has-ti-bg-color has-text-color has-link-color wp-elements-1001b0ad4c042d83242e0e57a0c2e7ff\">Luk\u00e1\u0161 Holakovsk\u00fd: <a href=\"tel:+420 604 252 308\"><o-anim-typing>+420 604 252 308<\/o-anim-typing><\/a><\/p>\n\n\n\n<p class=\"o-typing-delay-200ms has-white-color has-text-color has-link-color wp-elements-59f70727237e04ba24f5fd55c3dd99f9\"><\/p>\n\n\n\n<p class=\"has-text-color\" style=\"color:#ffffff\"><\/p>\n\n\n\n<p class=\"has-text-color\" style=\"color:#ffffff\">otev\u00edrac\u00ed doba:<\/p>\n\n\n\n<p>PO-PA: 8:00 &#8211; 17:00<\/p>\n\n\n\n<p>SO: 8:00 &#8211; 13:00<\/p>\n<\/div>\n\n\n\n<div id=\"wp-block-themeisle-blocks-advanced-column-73e5b683\" class=\"wp-block-themeisle-blocks-advanced-column\">\n<figure class=\"wp-block-image size-large\"><img loading=\"lazy\" decoding=\"async\" width=\"723\" height=\"1024\" src=\"http:\/\/www.vseudelame.cz\/wp-content\/uploads\/pneus-723x1024.jpg\" alt=\"\" class=\"wp-image-155\" srcset=\"https:\/\/www.vseudelame.cz\/wp-content\/uploads\/pneus-723x1024.jpg 723w, https:\/\/www.vseudelame.cz\/wp-content\/uploads\/pneus-212x300.jpg 212w, https:\/\/www.vseudelame.cz\/wp-content\/uploads\/pneus-768x1088.jpg 768w, https:\/\/www.vseudelame.cz\/wp-content\/uploads\/pneus-1084x1536.jpg 1084w, https:\/\/www.vseudelame.cz\/wp-content\/uploads\/pneus-1445x2048.jpg 1445w, https:\/\/www.vseudelame.cz\/wp-content\/uploads\/pneus-scaled.jpg 1807w\" sizes=\"(max-width: 723px) 100vw, 723px\" \/><\/figure>\n<\/div>\n<\/div><\/section>\n\n\n\n<section id=\"wp-block-themeisle-blocks-advanced-columns-546fa8db\" class=\"wp-block-themeisle-blocks-advanced-columns alignfull has-2-columns has-desktop-equal-layout has-tablet-equal-layout has-mobile-collapsedRows-layout has-vertical-center has-light-bg\"><div class=\"wp-block-themeisle-blocks-advanced-columns-overlay\"><\/div><div class=\"innerblocks-wrap\">\n<div id=\"wp-block-themeisle-blocks-advanced-column-a03592cc\" class=\"wp-block-themeisle-blocks-advanced-column has-light-bg\">\n<div id=\"wp-block-themeisle-blocks-advanced-heading-db071afb\" class=\"wp-block-themeisle-blocks-advanced-heading wp-block-themeisle-blocks-advanced-heading-db071afb\"><strong>M\u00e1te dotaz?<\/strong><\/div>\n\n\n\n<h2 class=\"wp-block-heading has-text-align-left has-text-color has-link-color wp-elements-5382772155427a2b9e7e698d264be914\" style=\"color:#080808\">Po\u0161lete n\u00e1m zpr\u00e1vu<\/h2>\n\n\n\n<p class=\"has-text-align-left has-text-color has-link-color wp-elements-47491a69003ed982e7ac2cb2fea66673\" style=\"color:#080808\">R\u00e1di V\u00e1m odpov\u00edme do 24 hodin. Jestli\u017ee m\u00e1te s au\u0165\u00e1kem akutn\u00ed trable, rad\u011bji volejte.<\/p>\n\n\n\n<h2 class=\"wp-block-heading\"><a href=\"tel:+420604252308\">604 252 308<\/a><\/h2>\n\n\n\n<h2 class=\"wp-block-heading\"><\/h2>\n<\/div>\n\n\n\n<div id=\"wp-block-themeisle-blocks-advanced-column-5b750788\" class=\"wp-block-themeisle-blocks-advanced-column has-light-bg\">\n<div id=\"wp-block-themeisle-blocks-form-fcc82e44\" class=\"wp-block-themeisle-blocks-form\" data-option-name=\"bf9b28ff82ce323187abc5d0feb0d8f07ecd8436_fcc82e44\"><form class=\"otter-form__container\">\n<div id=\"wp-block-themeisle-blocks-form-input-06ca67eb\" class=\"wp-block-themeisle-blocks-form-input ticss-06ca67eb\"><label for=\"wp-block-themeisle-blocks-form-input-06ca67eb-input\" class=\"otter-form-input-label\"><span class=\"otter-form-input-label__label\">Jm\u00e9no a P\u0159\u00edjmen\u00ed<\/span><span class=\"required\">*<\/span><\/label><input type=\"text\" id=\"wp-block-themeisle-blocks-form-input-06ca67eb-input\" required class=\"otter-form-input\"\/><\/div>\n\n\n\n<div id=\"wp-block-themeisle-blocks-form-input-87be824d\" class=\"wp-block-themeisle-blocks-form-input\"><label for=\"wp-block-themeisle-blocks-form-input-87be824d-input\" class=\"otter-form-input-label\"><span class=\"otter-form-input-label__label\">Email<\/span><span class=\"required\">*<\/span><\/label><input type=\"email\" id=\"wp-block-themeisle-blocks-form-input-87be824d-input\" required class=\"otter-form-input\"\/><\/div>\n\n\n\n<div id=\"wp-block-themeisle-blocks-form-textarea-919679a3\" class=\"wp-block-themeisle-blocks-form-textarea\"><label for=\"wp-block-themeisle-blocks-form-textarea-919679a3-input\" class=\"otter-form-textarea-label\"><span class=\"otter-form-textarea-label__label\">zpr\u00e1va nebo koment\u00e1\u0159<\/span><\/label><textarea id=\"wp-block-themeisle-blocks-form-textarea-919679a3-input\" rows=\"10\" class=\"otter-form-textarea-input\"><\/textarea><\/div>\n\n\n<div class=\"protection\" aria-hidden=\"true\"><input type=\"hidden\" id=\"wp-block-themeisle-blocks-form-fcc82e44_nonce_field\" name=\"wp-block-themeisle-blocks-form-fcc82e44_nonce_field\" value=\"874e37a5a3\" \/><input type=\"hidden\" name=\"_wp_http_referer\" value=\"\/novinky\/ridici-pozor\/wp-json\/wp\/v2\/pages\/171\" \/><input class=\"o-anti-bot\" type=\"checkbox\"><\/div><div class=\"wp-block-button\"><button class=\"wp-block-button__link\" type=\"submit\">POSLAT<\/button><\/div><\/form><\/div>\n<\/div>\n<\/div><\/section>\n","protected":false},"excerpt":{"rendered":"","protected":false},"author":1,"featured_media":0,"parent":0,"menu_order":0,"comment_status":"closed","ping_status":"closed","template":"","meta":{"_themeisle_gutenberg_block_has_review":false,"footnotes":""},"class_list":["post-171","page","type-page","status-publish","hentry"],"_links":{"self":[{"href":"https:\/\/www.vseudelame.cz\/novinky\/ridici-pozor\/wp-json\/wp\/v2\/pages\/171"}],"collection":[{"href":"https:\/\/www.vseudelame.cz\/novinky\/ridici-pozor\/wp-json\/wp\/v2\/pages"}],"about":[{"href":"https:\/\/www.vseudelame.cz\/novinky\/ridici-pozor\/wp-json\/wp\/v2\/types\/page"}],"author":[{"embeddable":true,"href":"https:\/\/www.vseudelame.cz\/novinky\/ridici-pozor\/wp-json\/wp\/v2\/users\/1"}],"replies":[{"embeddable":true,"href":"https:\/\/www.vseudelame.cz\/novinky\/ridici-pozor\/wp-json\/wp\/v2\/comments?post=171"}],"version-history":[{"count":7,"href":"https:\/\/www.vseudelame.cz\/novinky\/ridici-pozor\/wp-json\/wp\/v2\/pages\/171\/revisions"}],"predecessor-version":[{"id":187,"href":"https:\/\/www.vseudelame.cz\/novinky\/ridici-pozor\/wp-json\/wp\/v2\/pages\/171\/revisions\/187"}],"wp:attachment":[{"href":"https:\/\/www.vseudelame.cz\/novinky\/ridici-pozor\/wp-json\/wp\/v2\/media?parent=171"}],"curies":[{"name":"wp","href":"https:\/\/api.w.org\/{rel}","templated":true}]}}